nds digit of 50232776?
2
What is the ten millions digit of 8722320526?
2
What is the ten millions digit of 530318473?
3
What is the hundreds digit of 1726738432?
4
What is the hundred millions digit of 118318909?
1
What is the ten millions digit of 1417640261?
1
What is the hundred thousands digit of 2579619?
5
What is the hundred millions digit of 784386488?
7
What is the billions digit of 2983891303?
2
What is the hundreds digit of 113576741?
7
What is the hundred millions digit of 878296560?
8
What is the hundred thousands digit of 1921586347?
5
What is the millions digit of 146775483?
6
What is the thousands digit of 42130277?
0
What is the thousands digit of 1874745937?
5
What is the thousands digit of 260631778?
1
What is the ten millions digit of 27084341?
2
What is the ten thousands digit of 5293607454?
0
What is the ten thousands digit of 1588609037?
0
What is the tens digit of 278682333?
3
What is the units digit of 233758010?
0
What is the tens digit of 15447240?
4
What is the ten thousands digit of 163710813?
1
What is the ten thousands digit of 374094271?
9
What is the units digit of 622089847?
7
What is the thousands digit of 16265120?
5
What is the thousands digit of 510782671?
2
What is the millions digit of 2970632564?
0
What is the ten thousands digit of 569983676?
8
What is the ten millions digit of 494523316?
9
What is the hundreds digit of 4581218447?
4
What is the hundred thousands digit of 50148211?
1
What is the millions digit of 619174969?
9
What is the ten millions digit of 54171151?
5
What is the millions digit of 44963554?
4
What is the thousands digit of 1652638918?
8
What is the units digit of 389818728?
8
What is the hundred thousands digit of 225184905?
1
What is the hundreds digit of 71356180?
1
What is the ten thousands digit of 49725535?
2
What is the hundred millions digit of 7306831199?
3
What is the thousands digit of 74460473?
0
What is the ten millions digit of 3688895740?
8
What is the units digit of 42802866?
6
What is the ten thousands digit of 307229252?
2
What is the units digit of 106108805?
5
What is the thousands digit of 2770800?
0
What is the hundreds digit of 1255325117?
1
What is the ten thousands digit of 760810528?
1
What is the units digit of 56018531?
1
What is the tens digit of 105725616?
1
What is the ten thousands digit of 2952998871?
9
What is the thousands digit of 7862824565?
4
What is the thousands digit of 74610347?
0
What is the ten thousands digit of 3214585097?
8
What is the thousands digit of 2266127656?
7
What is the millions digit of 127113420?
7
What is the hundred millions digit of 3480947187?
4
What is the hundred thousands digit of 6652844?
6
What is the hundred thousands digit of 232582704?
5
What is the thousands digit of 1569532536?
2
What is the tens digit of 1234872?
7
What is the ten millions digit of 34055032?
3
What is the millions digit of 594866365?
4
What is the hundred millions digit of 503625061?
5
What is the ten millions digit of 114333663?
1
What is the ten thousands digit of 6458227?
5
What is the units digit of 76339138?
8
What is the ten thousands digit of 38730556?
3
What is the ten millions digit of 171781307?
7
What is the units digit of 3601731857?
7
What is the millions digit of 47247578?
7
What is the hundred thousands digit of 33076928?
0
What is the millions digit of 42650758?
2
What is the hundred millions digit of 875093749?
8
What is the hundreds digit of 1905346587?
5
What is the ten thousands digit of 1269452934?
5
What is the tens digit of 212523078?
7
What is the thousands digit of 903962097?
2
What is the ten thousands digit of 902182906?
8
What is the millions digit of 57713383?
7
What is the ten thousands digit of 292302491?
0
What is the ten millions digit of 36444340?
3
What is the ten thousands digit of 809011566?
1
What is the hundred millions digit of 102917690?
1
What is the hundreds digit of 156620534?
5
What is the millions digit of 3173085593?
3
What is the ten millions digit of 130842660?
3
What is the ten thousands digit of 511199338?
9
What is the millions digit of 7052126?
7
What is the millions digit of 35274882?
5
What is the tens digit of 1465883738?
3
What is the tens digit of 35621060?
6
What is the millions digit of 2060079?
2
What is the thousands digit of 4225775012?
5
What is the hundred thousands digit of 14877688?
8
What is the hundreds digit of 1223564721?
7
What is the millions digit of 7382047?
7
What is the hundreds digit of 163864318?
3
What is the hundred thousands digit of 239716665?
7
What is the thousands digit of 215247942?
7
What is the millions digit of 856325520?
6
What is the ten thousands digit of 63488152?
8
What is the hundred millions digit of 114747637?
1
What is the ten millions digit of 104886923?
0
What is the hundred millions digit of 3479669089?
4
What is the thousands digit of 44531866?
1
What is the hundred thousands digit of 498326932?
3
What is the hundred thousands digit of 13232139?
2
What is the millions digit of 8777310?
8
What is the hundred thousands digit of 1221838212?
8
What is the ten millions digit of 180493788?
8
What is the units digit of 1009332322?
2
What is the hundred thousands digit of 62198222?
1
What is the millions digit of 66549093?
6
What is the ten millions digit of 25274238?
2
What is the thousands digit of 4340249910?
9
What is the hundred thousands digit of 22714792?
7
What is the ten millions digit of 24819473?
2
What is the thousands digit of 827072798?
2
What is the ten thousands digit of 109459257?
5
What is the units digit of 606319055?
5
What is the hundred thousands digit of 5182704?
1
What is the ten millions digit of 14861301?
1
What is the hundreds digit of 81582669?
6
What is the ten thousands digit of 869929020?
2
What is the units digit of 309665073?
3
What is the ten millions digit of 101363261?
0
What is the thousands digit of 1777541416?
1
What is the ten millions digit of 737754348?
3
What is the hundred millions digit of 3139180874?
1
What is the ten millions digit of 1131306026?
3
What is the thousands digit of 276578545?
8
What is the hundreds digit of 148604562?
5
What is the ten thousands digit of 1985264481?
6
What is the hundred thousands digit of 762572600?
5
What is the millions digit of 30499599?
0
What is the thousands digit of 33961785?
1
What is the ten millions digit of 292345506?
9
What is the units digit of 1916317228?
8
What is the ten millions digit of 966266879?
6
What is the ten millions digit of 105193496?
0
What is the hundred millions digit of 1636105223?
6
What is the millions digit of 30212578?
0
What is the units digit of 18577285?
5
What is the millions digit of 9199525?
9
What is the units digit of 252163647?
7
What is the hundred thousands digit of 27775589?
7
What is the billions digit of 1898637283?
1
What is the tens digit of 9580917?
1
What is the hundred thousands digit of 28894308?
8
What is the hundreds digit of 5753906025?
0
What is the ten millions digit of 254604260?
5
What is the billions digit of 6102507296?
6
What is the hundred thousands digit of 1912399150?
3
What is the ten millions digit of 1836831228?
3
What is the hundred thousands digit of 197271484?
2
What is the thousands digit of 768908234?
8
What is the units digit of 445779547?
7
What is the hundred thousands digit of 66816627?
8
What is the units digit of 37639941?
1
What is the tens digit of 981259628?
2
What is the millions digit of 42759185?
2
What is the tens digit of 179854243?
4
What is the thousands digit of 3533354123?
4
What is the units digit of 252902627?
7
What is the ten thousands digit of 47984946?
8
What is the hundred thousands digit of 226400800?
4
What is the hundred millions digit of 699758403?
6
What is the ten thousands digit of 323686499?
8
What is the tens digit of 7831946588?
8
What is the millions digit of 875008965?
5
What is the tens digit of 1192374857?
5
What is the hundred millions digit of 554423656?
5
What is the units digit of 390186129?
9
What is the ten thousands digit of 187880091?
8
What is the tens digit of 110030396?
9
What is the units digit of 869712924?
4
What is the hundred millions digit of 234931297?
2
What is the millions digit of 1787105776?
7
What is the tens digit of 64106187?
8
What